{"id":147,"date":"2015-11-15T19:01:23","date_gmt":"2015-11-15T18:01:23","guid":{"rendered":"http:\/\/92.205.129.62\/bmetallica\/?page_id=147"},"modified":"2015-11-16T00:13:01","modified_gmt":"2015-11-15T23:13:01","slug":"map-server-debian-8","status":"publish","type":"page","link":"https:\/\/www.bmetallica.de\/index.php\/map-server-debian-8\/","title":{"rendered":"Map-Server Debian 8"},"content":{"rendered":"<h1 style=\"text-align: center;\"><span style=\"text-decoration: underline;\">Map-Server Debian 8<\/span><\/h1>\n<h5><span style=\"text-decoration: underline;\"><strong>Vorwort:<\/strong><\/span><\/h5>\n<p><span style=\"text-decoration: underline;\">Was ist ein Mapserver? <\/span><\/p>\n<p>Mit einem Mapserver wird Kartenmaterial, das zum Beispiel aus Datenbanken abgerufen wird, bereitgestellt ,um es dann in GIS Anwendungen (z.B. Desktop-GIS: <a href=\"http:\/\/www.qgis.org\/de\/site\/\" target=\"_blank\">QGIS<\/a>\u00a0\u00a0 WEB-GIS: <a href=\"http:\/\/www.mapbender.org\/Mapbender_Wiki\" target=\"_blank\">Mapbender<\/a> ) darstellen zu lassen.<\/p>\n<p>&nbsp;<\/p>\n<p><span style=\"text-decoration: underline;\">Woraus besteht ein Kartendienst (WMS)?<\/span><\/p>\n<p>In einem WMS wird die Darstellung eines Karteninhalts beschrieben.<\/p>\n<p>Der eigentliche WMS besteht aus 2 Teilen:<\/p>\n<p><strong>WMS.map:<\/strong> Beschreibung des Kartendienstes (z.B. Wanderkarte), Metadaten und genutzte Layer.<\/p>\n<p><strong>LAYER.map: <\/strong>Inhalt des Kartendienstes (z.B. Wanderroute-xyz), Standort des Kartenmaterials (z.B. Datenbank), Aussehen bzw. Darstellung des Materials.<\/p>\n<p><em>Den genauen Aufbau findet man in der <a href=\"http:\/\/mapserver.org\/de\/documentation.html#tutorial\" target=\"_blank\">Mapserver-Doku<\/a>.<\/em><\/p>\n<p>&nbsp;<\/p>\n<p><span style=\"text-decoration: underline;\">Wie wird aus dem WMS-Dienst eine Karte?<\/span><\/p>\n<p>Mittels eines HTTP Aufrufs des Mapservers, wird der angeforderte WMS aus den einzelnen Layern vom Mapserver zusammengesetzt und als fertiges Kartenbild vom Client entgegengenommen.<\/p>\n<p><a href=\"https:\/\/i0.wp.com\/92.205.129.62\/bmetallica\/wp-content\/uploads\/2015\/11\/map.png\" target=\"_blank\"><img loading=\"lazy\" decoding=\"async\" data-attachment-id=\"149\" data-permalink=\"https:\/\/www.bmetallica.de\/index.php\/map-server-debian-8\/map\/\" data-orig-file=\"https:\/\/i0.wp.com\/www.bmetallica.de\/wp-content\/uploads\/2015\/11\/map.png?fit=614%2C362&amp;ssl=1\" data-orig-size=\"614,362\" data-comments-opened=\"1\" data-image-meta=\"{&quot;aperture&quot;:&quot;0&quot;,&quot;credit&quot;:&quot;&quot;,&quot;camera&quot;:&quot;&quot;,&quot;caption&quot;:&quot;&quot;,&quot;created_timestamp&quot;:&quot;0&quot;,&quot;copyright&quot;:&quot;&quot;,&quot;focal_length&quot;:&quot;0&quot;,&quot;iso&quot;:&quot;0&quot;,&quot;shutter_speed&quot;:&quot;0&quot;,&quot;title&quot;:&quot;&quot;,&quot;orientation&quot;:&quot;0&quot;}\" data-image-title=\"map\" data-image-description=\"\" data-image-caption=\"\" data-medium-file=\"https:\/\/i0.wp.com\/www.bmetallica.de\/wp-content\/uploads\/2015\/11\/map.png?fit=300%2C177&amp;ssl=1\" data-large-file=\"https:\/\/i0.wp.com\/www.bmetallica.de\/wp-content\/uploads\/2015\/11\/map.png?fit=614%2C362&amp;ssl=1\" class=\"aligncenter wp-image-149 size-medium\" src=\"https:\/\/i0.wp.com\/92.205.129.62\/bmetallica\/wp-content\/uploads\/2015\/11\/map-300x177.png?resize=300%2C177\" alt=\"map\" width=\"300\" height=\"177\" srcset=\"https:\/\/i0.wp.com\/www.bmetallica.de\/wp-content\/uploads\/2015\/11\/map.png?resize=300%2C177&amp;ssl=1 300w, https:\/\/i0.wp.com\/www.bmetallica.de\/wp-content\/uploads\/2015\/11\/map.png?resize=600%2C354&amp;ssl=1 600w, https:\/\/i0.wp.com\/www.bmetallica.de\/wp-content\/uploads\/2015\/11\/map.png?w=614&amp;ssl=1 614w\" sizes=\"(max-width: 300px) 100vw, 300px\" data-recalc-dims=\"1\" \/><\/a><\/p>\n<h5><strong><span style=\"text-decoration: underline;\">Installation:<\/span><\/strong><\/h5>\n<ul>\n<li>libraries<\/li>\n<li>Apache-Webserver + PHP<\/li>\n<li>Postgresql Datenbank + PostGIS<\/li>\n<li>Mapserver<\/li>\n<\/ul>\n<p>&nbsp;<\/p>\n<h6><span style=\"text-decoration: underline;\">libaries<\/span><\/h6>\n<pre class=\"lang:default decode:true\" title=\"libs map\">apt-get install  libpng-dev\r\n                 freetype*\r\n                 libjpeg-dev\r\n                 zlib*\r\n                 libproj*\r\n                 libcurl4-gnutls-dev\r\n                 gdal-bin\r\n                 libtiff-dev\r\n                 libgeotiff-dev\r\n                 libgeos-dev\r\n                 libxml2\r\n                 libpq-dev\r\n                 libgif-dev \r\n                 libfcgi-dev\r\n                 libgd-dev\r\n                 libagg-dev<\/pre>\n<p>&nbsp;<\/p>\n<h6><span style=\"text-decoration: underline;\">Apache-Webserver + PHP<br \/>\n<\/span><\/h6>\n<pre class=\"lang:default decode:true\" title=\"apache map\">   apt-get install apache2 \r\n                   apache2-mpm-worker \r\n                   libapache2-mod-fcgid \r\n                   apache2-utils\r\n                   php5 \r\n                   php5-common \r\n                   php5-cli \r\n                   php5-fpm \r\n                   php5-gd<\/pre>\n<p>&nbsp;<\/p>\n<h6><span style=\"text-decoration: underline;\">Postgresql<\/span><\/h6>\n<pre class=\"lang:default decode:true\" title=\"postgresql map\">apt-get install postgresql \r\n                postgresql-contrib \r\n                postgis<\/pre>\n<p>&nbsp;<\/p>\n<h6><span style=\"text-decoration: underline;\">Mapserver<\/span><\/h6>\n<pre class=\"lang:default decode:true\" title=\"mapserver apt\">apt-get install mapserver-bin<\/pre>\n<p>&nbsp;<\/p>\n<p>&nbsp;<\/p>\n","protected":false},"excerpt":{"rendered":"<p>Map-Server Debian 8 Vorwort: Was ist ein Mapserver? Mit einem Mapserver wird Kartenmaterial, das zum Beispiel aus Datenbanken abgerufen wird, bereitgestellt ,um es dann in GIS Anwendungen (z.B. Desktop-GIS: QGIS\u00a0\u00a0 WEB-GIS: Mapbender ) darstellen zu lassen. &nbsp; Woraus besteht ein&#8230; <a class=\"more-link\" href=\"https:\/\/www.bmetallica.de\/index.php\/map-server-debian-8\/\">Continue Reading &rarr;<\/a><\/p>\n","protected":false},"author":1,"featured_media":0,"parent":0,"menu_order":0,"comment_status":"open","ping_status":"closed","template":"","meta":{"jetpack_post_was_ever_published":false,"footnotes":""},"yoast_head":"<!-- This site is optimized with the Yoast SEO plugin v20.9 - https:\/\/yoast.com\/wordpress\/plugins\/seo\/ -->\n<title>Map-Server Debian 8 - bmetallica.de<\/title>\n<meta name=\"description\" content=\"Map-Server Debian 8 Mit einem Mapserver wird Kartenmaterial, das zum Beispiel aus Datenbanken abgerufen wird, bereitgestellt.\" \/>\n<meta name=\"robots\" content=\"index, follow, max-snippet:-1, max-image-preview:large, max-video-preview:-1\" \/>\n<link rel=\"canonical\" href=\"https:\/\/www.bmetallica.de\/index.php\/map-server-debian-8\/\" \/>\n<meta property=\"og:locale\" content=\"de_DE\" \/>\n<meta property=\"og:type\" content=\"article\" \/>\n<meta property=\"og:title\" content=\"Map-Server Debian 8 - bmetallica.de\" \/>\n<meta property=\"og:description\" content=\"Map-Server Debian 8 Mit einem Mapserver wird Kartenmaterial, das zum Beispiel aus Datenbanken abgerufen wird, bereitgestellt.\" \/>\n<meta property=\"og:url\" content=\"https:\/\/www.bmetallica.de\/index.php\/map-server-debian-8\/\" \/>\n<meta property=\"og:site_name\" content=\"bmetallica.de\" \/>\n<meta property=\"article:modified_time\" content=\"2015-11-15T23:13:01+00:00\" \/>\n<meta property=\"og:image\" content=\"http:\/\/92.205.129.62\/bmetallica\/wp-content\/uploads\/2015\/11\/map-300x177.png\" \/>\n<meta name=\"twitter:card\" content=\"summary_large_image\" \/>\n<meta name=\"twitter:label1\" content=\"Gesch\u00e4tzte Lesezeit\" \/>\n\t<meta name=\"twitter:data1\" content=\"1 Minute\" \/>\n<script type=\"application\/ld+json\" class=\"yoast-schema-graph\">{\"@context\":\"https:\/\/schema.org\",\"@graph\":[{\"@type\":\"WebPage\",\"@id\":\"https:\/\/www.bmetallica.de\/index.php\/map-server-debian-8\/\",\"url\":\"https:\/\/www.bmetallica.de\/index.php\/map-server-debian-8\/\",\"name\":\"Map-Server Debian 8 - bmetallica.de\",\"isPartOf\":{\"@id\":\"https:\/\/www.bmetallica.de\/#website\"},\"datePublished\":\"2015-11-15T18:01:23+00:00\",\"dateModified\":\"2015-11-15T23:13:01+00:00\",\"description\":\"Map-Server Debian 8 Mit einem Mapserver wird Kartenmaterial, das zum Beispiel aus Datenbanken abgerufen wird, bereitgestellt.\",\"breadcrumb\":{\"@id\":\"https:\/\/www.bmetallica.de\/index.php\/map-server-debian-8\/#breadcrumb\"},\"inLanguage\":\"de-DE\",\"potentialAction\":[{\"@type\":\"ReadAction\",\"target\":[\"https:\/\/www.bmetallica.de\/index.php\/map-server-debian-8\/\"]}]},{\"@type\":\"BreadcrumbList\",\"@id\":\"https:\/\/www.bmetallica.de\/index.php\/map-server-debian-8\/#breadcrumb\",\"itemListElement\":[{\"@type\":\"ListItem\",\"position\":1,\"name\":\"Home\",\"item\":\"https:\/\/www.bmetallica.de\/\"},{\"@type\":\"ListItem\",\"position\":2,\"name\":\"Map-Server Debian 8\"}]},{\"@type\":\"WebSite\",\"@id\":\"https:\/\/www.bmetallica.de\/#website\",\"url\":\"https:\/\/www.bmetallica.de\/\",\"name\":\"bmetallica.de\",\"description\":\"das Wissen der Welt geh\u00f6rt den Menschen\",\"publisher\":{\"@id\":\"https:\/\/www.bmetallica.de\/#\/schema\/person\/95f9265fa19015a54cb0537aad39bf97\"},\"potentialAction\":[{\"@type\":\"SearchAction\",\"target\":{\"@type\":\"EntryPoint\",\"urlTemplate\":\"https:\/\/www.bmetallica.de\/?s={search_term_string}\"},\"query-input\":\"required name=search_term_string\"}],\"inLanguage\":\"de-DE\"},{\"@type\":[\"Person\",\"Organization\"],\"@id\":\"https:\/\/www.bmetallica.de\/#\/schema\/person\/95f9265fa19015a54cb0537aad39bf97\",\"name\":\"bmetallica\",\"image\":{\"@type\":\"ImageObject\",\"inLanguage\":\"de-DE\",\"@id\":\"https:\/\/www.bmetallica.de\/#\/schema\/person\/image\/\",\"url\":\"https:\/\/secure.gravatar.com\/avatar\/f65d4d63669df7a43505e3fc4e0e353b?s=96&d=mm&r=g\",\"contentUrl\":\"https:\/\/secure.gravatar.com\/avatar\/f65d4d63669df7a43505e3fc4e0e353b?s=96&d=mm&r=g\",\"caption\":\"bmetallica\"},\"logo\":{\"@id\":\"https:\/\/www.bmetallica.de\/#\/schema\/person\/image\/\"}}]}<\/script>\n<!-- \/ Yoast SEO plugin. -->","yoast_head_json":{"title":"Map-Server Debian 8 - bmetallica.de","description":"Map-Server Debian 8 Mit einem Mapserver wird Kartenmaterial, das zum Beispiel aus Datenbanken abgerufen wird, bereitgestellt.","robots":{"index":"index","follow":"follow","max-snippet":"max-snippet:-1","max-image-preview":"max-image-preview:large","max-video-preview":"max-video-preview:-1"},"canonical":"https:\/\/www.bmetallica.de\/index.php\/map-server-debian-8\/","og_locale":"de_DE","og_type":"article","og_title":"Map-Server Debian 8 - bmetallica.de","og_description":"Map-Server Debian 8 Mit einem Mapserver wird Kartenmaterial, das zum Beispiel aus Datenbanken abgerufen wird, bereitgestellt.","og_url":"https:\/\/www.bmetallica.de\/index.php\/map-server-debian-8\/","og_site_name":"bmetallica.de","article_modified_time":"2015-11-15T23:13:01+00:00","og_image":[{"url":"http:\/\/92.205.129.62\/bmetallica\/wp-content\/uploads\/2015\/11\/map-300x177.png"}],"twitter_card":"summary_large_image","twitter_misc":{"Gesch\u00e4tzte Lesezeit":"1 Minute"},"schema":{"@context":"https:\/\/schema.org","@graph":[{"@type":"WebPage","@id":"https:\/\/www.bmetallica.de\/index.php\/map-server-debian-8\/","url":"https:\/\/www.bmetallica.de\/index.php\/map-server-debian-8\/","name":"Map-Server Debian 8 - bmetallica.de","isPartOf":{"@id":"https:\/\/www.bmetallica.de\/#website"},"datePublished":"2015-11-15T18:01:23+00:00","dateModified":"2015-11-15T23:13:01+00:00","description":"Map-Server Debian 8 Mit einem Mapserver wird Kartenmaterial, das zum Beispiel aus Datenbanken abgerufen wird, bereitgestellt.","breadcrumb":{"@id":"https:\/\/www.bmetallica.de\/index.php\/map-server-debian-8\/#breadcrumb"},"inLanguage":"de-DE","potentialAction":[{"@type":"ReadAction","target":["https:\/\/www.bmetallica.de\/index.php\/map-server-debian-8\/"]}]},{"@type":"BreadcrumbList","@id":"https:\/\/www.bmetallica.de\/index.php\/map-server-debian-8\/#breadcrumb","itemListElement":[{"@type":"ListItem","position":1,"name":"Home","item":"https:\/\/www.bmetallica.de\/"},{"@type":"ListItem","position":2,"name":"Map-Server Debian 8"}]},{"@type":"WebSite","@id":"https:\/\/www.bmetallica.de\/#website","url":"https:\/\/www.bmetallica.de\/","name":"bmetallica.de","description":"das Wissen der Welt geh\u00f6rt den Menschen","publisher":{"@id":"https:\/\/www.bmetallica.de\/#\/schema\/person\/95f9265fa19015a54cb0537aad39bf97"},"potentialAction":[{"@type":"SearchAction","target":{"@type":"EntryPoint","urlTemplate":"https:\/\/www.bmetallica.de\/?s={search_term_string}"},"query-input":"required name=search_term_string"}],"inLanguage":"de-DE"},{"@type":["Person","Organization"],"@id":"https:\/\/www.bmetallica.de\/#\/schema\/person\/95f9265fa19015a54cb0537aad39bf97","name":"bmetallica","image":{"@type":"ImageObject","inLanguage":"de-DE","@id":"https:\/\/www.bmetallica.de\/#\/schema\/person\/image\/","url":"https:\/\/secure.gravatar.com\/avatar\/f65d4d63669df7a43505e3fc4e0e353b?s=96&d=mm&r=g","contentUrl":"https:\/\/secure.gravatar.com\/avatar\/f65d4d63669df7a43505e3fc4e0e353b?s=96&d=mm&r=g","caption":"bmetallica"},"logo":{"@id":"https:\/\/www.bmetallica.de\/#\/schema\/person\/image\/"}}]}},"jetpack_sharing_enabled":true,"jetpack_shortlink":"https:\/\/wp.me\/P8uhVF-2n","jetpack-related-posts":[{"id":13,"url":"https:\/\/www.bmetallica.de\/index.php\/impressum\/","url_meta":{"origin":147,"position":0},"title":"Impressum","author":"bmetallica","date":"31. Oktober 2015","format":false,"excerpt":"Datenschutzerkl\u00e4rung \u00a0 Diese Datenschutzerkl\u00e4rung kl\u00e4rt Sie \u00fcber die Art, den Umfang und Zweck der Verarbeitung von personenbezogenen Daten (nachfolgend kurz \u201eDaten\u201c) innerhalb unseres Onlineangebotes und der mit ihm verbundenen Webseiten, Funktionen und Inhalte sowie externen Onlinepr\u00e4senzen, wie z.B. unser Social Media Profile auf (nachfolgend gemeinsam bezeichnet als \u201eOnlineangebot\u201c). Im Hinblick\u2026","rel":"","context":"\u00c4hnlicher Beitrag","block_context":{"text":"\u00c4hnlicher Beitrag","link":""},"img":{"alt_text":"","src":"","width":0,"height":0},"classes":[]},{"id":333,"url":"https:\/\/www.bmetallica.de\/index.php\/w-lan-rolladensteuerung\/","url_meta":{"origin":147,"position":1},"title":"W-LAN Rolladensteuerung","author":"bmetallica","date":"28. Mai 2018","format":false,"excerpt":"W-LAN Rolladensteuerung Ziel ist es die Rolll\u00e4den\u00a0im Haus mittels W-LAN auf und zu fahren zu lassen, ohne dabei die M\u00f6glichkeit einer manuellen Steuerung zu verlieren. \u00a0 Was wird gebraucht: Bild Name Zweck Kosten (ca.) Bsp. Link Sonoff Dual Home (R2) Steuerung via W-LAN ca. 11\u20ac z.B. Amazon (LINK) \u00a0 \u00a0\u2026","rel":"","context":"\u00c4hnlicher Beitrag","block_context":{"text":"\u00c4hnlicher Beitrag","link":""},"img":{"alt_text":"","src":"https:\/\/i0.wp.com\/www.bmetallica.de\/wp-content\/uploads\/2018\/05\/Sonoff-Dual-Arduino-Settings-231x300.png?resize=350%2C200","width":350,"height":200},"classes":[]},{"id":271,"url":"https:\/\/www.bmetallica.de\/index.php\/alexa-433-mhz-und-domoticz\/","url_meta":{"origin":147,"position":2},"title":"Alexa, 433 MHz und Domoticz","author":"bmetallica","date":"3. November 2017","format":false,"excerpt":"Alexa, 433 MHz und Domoticz \u00a0 Ziel des Projekts: Ziel des Projekts war es eine kosteng\u00fcnstige M\u00f6glichkeit zu finden, eine sprachgesteuerte Lichtsteuerung innerhalb einer Wohnung zu realisieren. Es sollten dabei keine Cloud-Dienste (ausgenommen der Amazon Cloud zur Spracherkennung) verwendet werden um einen h\u00f6heren Sicherheitsfaktor und eine unabh\u00e4ngigere Umgebung zu schaffen.\u2026","rel":"","context":"In &quot;Allgemein&quot;","block_context":{"text":"Allgemein","link":"https:\/\/www.bmetallica.de\/index.php\/category\/allgemein\/"},"img":{"alt_text":"","src":"https:\/\/i0.wp.com\/92.205.129.62\/bmetallica\/wp-content\/uploads\/2015\/11\/71Wz-aGbLzL._SL1500_-300x300.jpg?resize=350%2C200","width":350,"height":200},"classes":[]},{"id":166,"url":"https:\/\/www.bmetallica.de\/index.php\/mediacenter-pi-v2\/","url_meta":{"origin":147,"position":3},"title":"Mediacenter PI V2","author":"bmetallica","date":"8. Dezember 2015","format":false,"excerpt":"Ein Mediacenter mit dem Raspberry PI V2 \u00a0 Was wir brauchen: OSMC Installation (f\u00fcr Windows) Raspberry PI V2 MicroUSB Netzteil (z.B.) MicroSD (z.B.) WlanStick\u00a0(z.B.) HDMI-Kabel\u00a0(z.B.) TV mit HDMI-Eingang \u00a0 Installation unter Windows:\u00a0 Die MicroSD-Karte mit dem PC verbinden (z.B. mit einem USB zu MicroSD Adapter) Die Heruntergeladene \"osmc-installer.exe\" starten Einbau:\u2026","rel":"","context":"\u00c4hnlicher Beitrag","block_context":{"text":"\u00c4hnlicher Beitrag","link":""},"img":{"alt_text":"","src":"https:\/\/i0.wp.com\/92.205.129.62\/bmetallica\/wp-content\/uploads\/2015\/12\/2-300x237.png?resize=350%2C200","width":350,"height":200},"classes":[]},{"id":86,"url":"https:\/\/www.bmetallica.de\/index.php\/rpi-smarthome\/","url_meta":{"origin":147,"position":4},"title":"RPI SmartHome","author":"bmetallica","date":"2. November 2015","format":false,"excerpt":"Raspberry zur Haussteuerung (Smarthome) \u00a0 Interface: Als Display dient ein ,,3.2\" TFT LCD Touch Screen Display Monitor + Case + Heatsinks For Raspberry Pi B+\" (z.B. Ebay: LINK\u00a0ca. 19\u20ac) an einem ,,Raspberry PI V1 Model B\". Um die 3 Buttons am oberen Bildschirmrand ab zu fragen, verwende ich ein Python-Script,\u2026","rel":"","context":"\u00c4hnlicher Beitrag","block_context":{"text":"\u00c4hnlicher Beitrag","link":""},"img":{"alt_text":"IMG_20150117_175959","src":"https:\/\/i0.wp.com\/bmetallica.de\/wp-content\/uploads\/2015\/11\/IMG_20150117_1759591-645x1024.jpg?resize=350%2C200","width":350,"height":200},"classes":[]},{"id":409,"url":"https:\/\/www.bmetallica.de\/index.php\/debian-patchmanagement\/","url_meta":{"origin":147,"position":5},"title":"Debian Patchmanagement","author":"bmetallica","date":"3. Dezember 2023","format":false,"excerpt":"Debian Patchmanagement Ziel ist es ein einfaches Patchmanagement mit Webinterface f\u00fcr eine Anzahl von Debian Servern zu schaffen. Voraussetzungen: Ein Debian Server mit folgenden Paketen: apache2, php, postgresql-server, php-pgsql, openssh-server, sshpass, sudo \u00a0 Installation des Management-Servers: Erzeugen eines RSA-Schl\u00fcssel \"ssh-keygen\" Erweitern der \"\/etc\/ssh\/ssh_config\" mit dem Wert \"StrictHostKeyChecking no\" anpassen der\u2026","rel":"","context":"\u00c4hnlicher Beitrag","block_context":{"text":"\u00c4hnlicher Beitrag","link":""},"img":{"alt_text":"","src":"","width":0,"height":0},"classes":[]}],"_links":{"self":[{"href":"https:\/\/www.bmetallica.de\/index.php\/wp-json\/wp\/v2\/pages\/147"}],"collection":[{"href":"https:\/\/www.bmetallica.de\/index.php\/wp-json\/wp\/v2\/pages"}],"about":[{"href":"https:\/\/www.bmetallica.de\/index.php\/wp-json\/wp\/v2\/types\/page"}],"author":[{"embeddable":true,"href":"https:\/\/www.bmetallica.de\/index.php\/wp-json\/wp\/v2\/users\/1"}],"replies":[{"embeddable":true,"href":"https:\/\/www.bmetallica.de\/index.php\/wp-json\/wp\/v2\/comments?post=147"}],"version-history":[{"count":10,"href":"https:\/\/www.bmetallica.de\/index.php\/wp-json\/wp\/v2\/pages\/147\/revisions"}],"predecessor-version":[{"id":163,"href":"https:\/\/www.bmetallica.de\/index.php\/wp-json\/wp\/v2\/pages\/147\/revisions\/163"}],"wp:attachment":[{"href":"https:\/\/www.bmetallica.de\/index.php\/wp-json\/wp\/v2\/media?parent=147"}],"curies":[{"name":"wp","href":"https:\/\/api.w.org\/{rel}","templated":true}]}}