{"id":158,"date":"2015-11-15T23:40:50","date_gmt":"2015-11-15T22:40:50","guid":{"rendered":"http:\/\/92.205.129.62\/bmetallica\/?page_id=158"},"modified":"2015-11-15T23:44:21","modified_gmt":"2015-11-15T22:44:21","slug":"tutorial-1-installation-und-grundkonfiguration-von-opensuse","status":"publish","type":"page","link":"https:\/\/www.bmetallica.de\/index.php\/tutorial-1-installation-und-grundkonfiguration-von-opensuse\/","title":{"rendered":"Tutorial 1 Installation und Grundkonfiguration von OpenSuse"},"content":{"rendered":"<h1 class=\"yt watch-title-container\"><span id=\"eow-title\" class=\"watch-title \" dir=\"ltr\" title=\"Tutorial 1 Installation und Grundkonfiguration von OpenSuse\">Tutorial 1 Installation und Grundkonfiguration von OpenSuse <\/span><\/h1>\n<p><iframe loading=\"lazy\" width=\"560\" height=\"315\" src=\"https:\/\/www.youtube.com\/embed\/l9zv5rBab8I\" frameborder=\"0\" allowfullscreen=\"allowfullscreen\"><\/iframe><\/p>\n<p>&nbsp;<\/p>\n<hr \/>\n<p>&nbsp;<\/p>\n","protected":false},"excerpt":{"rendered":"<p>Tutorial 1 Installation und Grundkonfiguration von OpenSuse &nbsp; &nbsp;<\/p>\n","protected":false},"author":1,"featured_media":0,"parent":0,"menu_order":0,"comment_status":"closed","ping_status":"closed","template":"","meta":{"jetpack_post_was_ever_published":false,"footnotes":""},"yoast_head":"<!-- This site is optimized with the Yoast SEO plugin v20.9 - https:\/\/yoast.com\/wordpress\/plugins\/seo\/ -->\n<title>Tutorial 1 Installation und Grundkonfiguration von OpenSuse - bmetallica.de<\/title>\n<meta name=\"description\" content=\"Tutorial 1 Installation und Grundkonfiguration von OpenSuse\" \/>\n<meta name=\"robots\" content=\"index, follow, max-snippet:-1, max-image-preview:large, max-video-preview:-1\" \/>\n<link rel=\"canonical\" href=\"https:\/\/www.bmetallica.de\/index.php\/tutorial-1-installation-und-grundkonfiguration-von-opensuse\/\" \/>\n<meta property=\"og:locale\" content=\"de_DE\" \/>\n<meta property=\"og:type\" content=\"article\" \/>\n<meta property=\"og:title\" content=\"Tutorial 1 Installation und Grundkonfiguration von OpenSuse - bmetallica.de\" \/>\n<meta property=\"og:description\" content=\"Tutorial 1 Installation und Grundkonfiguration von OpenSuse\" \/>\n<meta property=\"og:url\" content=\"https:\/\/www.bmetallica.de\/index.php\/tutorial-1-installation-und-grundkonfiguration-von-opensuse\/\" \/>\n<meta property=\"og:site_name\" content=\"bmetallica.de\" \/>\n<meta property=\"article:modified_time\" content=\"2015-11-15T22:44:21+00:00\" \/>\n<meta name=\"twitter:card\" content=\"summary_large_image\" \/>\n<script type=\"application\/ld+json\" class=\"yoast-schema-graph\">{\"@context\":\"https:\/\/schema.org\",\"@graph\":[{\"@type\":\"WebPage\",\"@id\":\"https:\/\/www.bmetallica.de\/index.php\/tutorial-1-installation-und-grundkonfiguration-von-opensuse\/\",\"url\":\"https:\/\/www.bmetallica.de\/index.php\/tutorial-1-installation-und-grundkonfiguration-von-opensuse\/\",\"name\":\"Tutorial 1 Installation und Grundkonfiguration von OpenSuse - bmetallica.de\",\"isPartOf\":{\"@id\":\"https:\/\/www.bmetallica.de\/#website\"},\"datePublished\":\"2015-11-15T22:40:50+00:00\",\"dateModified\":\"2015-11-15T22:44:21+00:00\",\"description\":\"Tutorial 1 Installation und Grundkonfiguration von OpenSuse\",\"breadcrumb\":{\"@id\":\"https:\/\/www.bmetallica.de\/index.php\/tutorial-1-installation-und-grundkonfiguration-von-opensuse\/#breadcrumb\"},\"inLanguage\":\"de-DE\",\"potentialAction\":[{\"@type\":\"ReadAction\",\"target\":[\"https:\/\/www.bmetallica.de\/index.php\/tutorial-1-installation-und-grundkonfiguration-von-opensuse\/\"]}]},{\"@type\":\"BreadcrumbList\",\"@id\":\"https:\/\/www.bmetallica.de\/index.php\/tutorial-1-installation-und-grundkonfiguration-von-opensuse\/#breadcrumb\",\"itemListElement\":[{\"@type\":\"ListItem\",\"position\":1,\"name\":\"Home\",\"item\":\"https:\/\/www.bmetallica.de\/\"},{\"@type\":\"ListItem\",\"position\":2,\"name\":\"Tutorial 1 Installation und Grundkonfiguration von OpenSuse\"}]},{\"@type\":\"WebSite\",\"@id\":\"https:\/\/www.bmetallica.de\/#website\",\"url\":\"https:\/\/www.bmetallica.de\/\",\"name\":\"bmetallica.de\",\"description\":\"das Wissen der Welt geh\u00f6rt den Menschen\",\"publisher\":{\"@id\":\"https:\/\/www.bmetallica.de\/#\/schema\/person\/95f9265fa19015a54cb0537aad39bf97\"},\"potentialAction\":[{\"@type\":\"SearchAction\",\"target\":{\"@type\":\"EntryPoint\",\"urlTemplate\":\"https:\/\/www.bmetallica.de\/?s={search_term_string}\"},\"query-input\":\"required name=search_term_string\"}],\"inLanguage\":\"de-DE\"},{\"@type\":[\"Person\",\"Organization\"],\"@id\":\"https:\/\/www.bmetallica.de\/#\/schema\/person\/95f9265fa19015a54cb0537aad39bf97\",\"name\":\"bmetallica\",\"image\":{\"@type\":\"ImageObject\",\"inLanguage\":\"de-DE\",\"@id\":\"https:\/\/www.bmetallica.de\/#\/schema\/person\/image\/\",\"url\":\"https:\/\/secure.gravatar.com\/avatar\/f65d4d63669df7a43505e3fc4e0e353b?s=96&d=mm&r=g\",\"contentUrl\":\"https:\/\/secure.gravatar.com\/avatar\/f65d4d63669df7a43505e3fc4e0e353b?s=96&d=mm&r=g\",\"caption\":\"bmetallica\"},\"logo\":{\"@id\":\"https:\/\/www.bmetallica.de\/#\/schema\/person\/image\/\"}}]}<\/script>\n<!-- \/ Yoast SEO plugin. -->","yoast_head_json":{"title":"Tutorial 1 Installation und Grundkonfiguration von OpenSuse - bmetallica.de","description":"Tutorial 1 Installation und Grundkonfiguration von OpenSuse","robots":{"index":"index","follow":"follow","max-snippet":"max-snippet:-1","max-image-preview":"max-image-preview:large","max-video-preview":"max-video-preview:-1"},"canonical":"https:\/\/www.bmetallica.de\/index.php\/tutorial-1-installation-und-grundkonfiguration-von-opensuse\/","og_locale":"de_DE","og_type":"article","og_title":"Tutorial 1 Installation und Grundkonfiguration von OpenSuse - bmetallica.de","og_description":"Tutorial 1 Installation und Grundkonfiguration von OpenSuse","og_url":"https:\/\/www.bmetallica.de\/index.php\/tutorial-1-installation-und-grundkonfiguration-von-opensuse\/","og_site_name":"bmetallica.de","article_modified_time":"2015-11-15T22:44:21+00:00","twitter_card":"summary_large_image","schema":{"@context":"https:\/\/schema.org","@graph":[{"@type":"WebPage","@id":"https:\/\/www.bmetallica.de\/index.php\/tutorial-1-installation-und-grundkonfiguration-von-opensuse\/","url":"https:\/\/www.bmetallica.de\/index.php\/tutorial-1-installation-und-grundkonfiguration-von-opensuse\/","name":"Tutorial 1 Installation und Grundkonfiguration von OpenSuse - bmetallica.de","isPartOf":{"@id":"https:\/\/www.bmetallica.de\/#website"},"datePublished":"2015-11-15T22:40:50+00:00","dateModified":"2015-11-15T22:44:21+00:00","description":"Tutorial 1 Installation und Grundkonfiguration von OpenSuse","breadcrumb":{"@id":"https:\/\/www.bmetallica.de\/index.php\/tutorial-1-installation-und-grundkonfiguration-von-opensuse\/#breadcrumb"},"inLanguage":"de-DE","potentialAction":[{"@type":"ReadAction","target":["https:\/\/www.bmetallica.de\/index.php\/tutorial-1-installation-und-grundkonfiguration-von-opensuse\/"]}]},{"@type":"BreadcrumbList","@id":"https:\/\/www.bmetallica.de\/index.php\/tutorial-1-installation-und-grundkonfiguration-von-opensuse\/#breadcrumb","itemListElement":[{"@type":"ListItem","position":1,"name":"Home","item":"https:\/\/www.bmetallica.de\/"},{"@type":"ListItem","position":2,"name":"Tutorial 1 Installation und Grundkonfiguration von OpenSuse"}]},{"@type":"WebSite","@id":"https:\/\/www.bmetallica.de\/#website","url":"https:\/\/www.bmetallica.de\/","name":"bmetallica.de","description":"das Wissen der Welt geh\u00f6rt den Menschen","publisher":{"@id":"https:\/\/www.bmetallica.de\/#\/schema\/person\/95f9265fa19015a54cb0537aad39bf97"},"potentialAction":[{"@type":"SearchAction","target":{"@type":"EntryPoint","urlTemplate":"https:\/\/www.bmetallica.de\/?s={search_term_string}"},"query-input":"required name=search_term_string"}],"inLanguage":"de-DE"},{"@type":["Person","Organization"],"@id":"https:\/\/www.bmetallica.de\/#\/schema\/person\/95f9265fa19015a54cb0537aad39bf97","name":"bmetallica","image":{"@type":"ImageObject","inLanguage":"de-DE","@id":"https:\/\/www.bmetallica.de\/#\/schema\/person\/image\/","url":"https:\/\/secure.gravatar.com\/avatar\/f65d4d63669df7a43505e3fc4e0e353b?s=96&d=mm&r=g","contentUrl":"https:\/\/secure.gravatar.com\/avatar\/f65d4d63669df7a43505e3fc4e0e353b?s=96&d=mm&r=g","caption":"bmetallica"},"logo":{"@id":"https:\/\/www.bmetallica.de\/#\/schema\/person\/image\/"}}]}},"jetpack_sharing_enabled":true,"jetpack_shortlink":"https:\/\/wp.me\/P8uhVF-2y","jetpack-related-posts":[{"id":271,"url":"https:\/\/www.bmetallica.de\/index.php\/alexa-433-mhz-und-domoticz\/","url_meta":{"origin":158,"position":0},"title":"Alexa, 433 MHz und Domoticz","author":"bmetallica","date":"3. November 2017","format":false,"excerpt":"Alexa, 433 MHz und Domoticz \u00a0 Ziel des Projekts: Ziel des Projekts war es eine kosteng\u00fcnstige M\u00f6glichkeit zu finden, eine sprachgesteuerte Lichtsteuerung innerhalb einer Wohnung zu realisieren. Es sollten dabei keine Cloud-Dienste (ausgenommen der Amazon Cloud zur Spracherkennung) verwendet werden um einen h\u00f6heren Sicherheitsfaktor und eine unabh\u00e4ngigere Umgebung zu schaffen.\u2026","rel":"","context":"In &quot;Allgemein&quot;","block_context":{"text":"Allgemein","link":"https:\/\/www.bmetallica.de\/index.php\/category\/allgemein\/"},"img":{"alt_text":"","src":"https:\/\/i0.wp.com\/92.205.129.62\/bmetallica\/wp-content\/uploads\/2015\/11\/71Wz-aGbLzL._SL1500_-300x300.jpg?resize=350%2C200","width":350,"height":200},"classes":[]},{"id":114,"url":"https:\/\/www.bmetallica.de\/index.php\/433mhz-temperatur-auslesen\/","url_meta":{"origin":158,"position":1},"title":"433MHz Temperatur auslesen","author":"bmetallica","date":"5. November 2015","format":false,"excerpt":"Auswerten eines 433MHz Temperatursensors mit pilight \u00a0 Was wir ben\u00f6tigen: Aukru 433 MHz Funk- Sende und Empf\u00e4nger Modul Superregeneration Wireless Transmitter-Modul Einbrecher Alarm 433M receiver module Burglar Alarm f\u00fcr Arduino Raspberry pi (Amazon: LINK) PEARL Funk-Au\u00dfensensor f\u00fcr Wetterstation (Amazon: LINK) Verkabelung des Senders\/Empf\u00e4ngers: Verkabelung Sender Modul (nicht f\u00fcr das Auslesen\u2026","rel":"","context":"Mit 6 Kommentaren","block_context":{"text":"Mit 6 Kommentaren","link":"https:\/\/www.bmetallica.de\/index.php\/433mhz-temperatur-auslesen\/#comments"},"img":{"alt_text":"","src":"https:\/\/i0.wp.com\/92.205.129.62\/bmetallica\/wp-content\/uploads\/2015\/11\/71Wz-aGbLzL._SL1500_-300x300.jpg?resize=350%2C200","width":350,"height":200},"classes":[]},{"id":166,"url":"https:\/\/www.bmetallica.de\/index.php\/mediacenter-pi-v2\/","url_meta":{"origin":158,"position":2},"title":"Mediacenter PI V2","author":"bmetallica","date":"8. Dezember 2015","format":false,"excerpt":"Ein Mediacenter mit dem Raspberry PI V2 \u00a0 Was wir brauchen: OSMC Installation (f\u00fcr Windows) Raspberry PI V2 MicroUSB Netzteil (z.B.) MicroSD (z.B.) WlanStick\u00a0(z.B.) HDMI-Kabel\u00a0(z.B.) TV mit HDMI-Eingang \u00a0 Installation unter Windows:\u00a0 Die MicroSD-Karte mit dem PC verbinden (z.B. mit einem USB zu MicroSD Adapter) Die Heruntergeladene \"osmc-installer.exe\" starten Einbau:\u2026","rel":"","context":"\u00c4hnlicher Beitrag","block_context":{"text":"\u00c4hnlicher Beitrag","link":""},"img":{"alt_text":"","src":"https:\/\/i0.wp.com\/92.205.129.62\/bmetallica\/wp-content\/uploads\/2015\/12\/2-300x237.png?resize=350%2C200","width":350,"height":200},"classes":[]},{"id":13,"url":"https:\/\/www.bmetallica.de\/index.php\/impressum\/","url_meta":{"origin":158,"position":3},"title":"Impressum","author":"bmetallica","date":"31. Oktober 2015","format":false,"excerpt":"Datenschutzerkl\u00e4rung \u00a0 Diese Datenschutzerkl\u00e4rung kl\u00e4rt Sie \u00fcber die Art, den Umfang und Zweck der Verarbeitung von personenbezogenen Daten (nachfolgend kurz \u201eDaten\u201c) innerhalb unseres Onlineangebotes und der mit ihm verbundenen Webseiten, Funktionen und Inhalte sowie externen Onlinepr\u00e4senzen, wie z.B. unser Social Media Profile auf (nachfolgend gemeinsam bezeichnet als \u201eOnlineangebot\u201c). Im Hinblick\u2026","rel":"","context":"\u00c4hnlicher Beitrag","block_context":{"text":"\u00c4hnlicher Beitrag","link":""},"img":{"alt_text":"","src":"","width":0,"height":0},"classes":[]},{"id":197,"url":"https:\/\/www.bmetallica.de\/index.php\/1-wire-temperatursensor-auslesen\/","url_meta":{"origin":158,"position":4},"title":"1-wire Temperatursensor auslesen","author":"bmetallica","date":"17. Oktober 2016","format":false,"excerpt":"1-wire Temperatursensoren auslesen und verarbeiten Was wir\u00a0ben\u00f6tigen: \u00a0 1x Raspberry (z.B. Modell B) F\u00fcr unseren Beispielsaufbau 3x DS18B20 Temperaturssensor (Amazon: LINK) 1x 4,7k (4K7) Wiederstand \u00a0 (Amazon: LINK) \u00a0 \u00a0 Und so wird verkabelt: (klicken zum Vergr\u00f6\u00dfern) Konfiguration auf dem Raspberry (OS Jessie):\u00a0 Nachdem wir den Raspberry erst einmal grunds\u00e4tzlich\u2026","rel":"","context":"Mit 1 Kommentar","block_context":{"text":"Mit 1 Kommentar","link":"https:\/\/www.bmetallica.de\/index.php\/1-wire-temperatursensor-auslesen\/#comments"},"img":{"alt_text":"","src":"https:\/\/i0.wp.com\/92.205.129.62\/bmetallica\/wp-content\/uploads\/2016\/10\/1wire-300x225.jpg?resize=350%2C200","width":350,"height":200},"classes":[]},{"id":86,"url":"https:\/\/www.bmetallica.de\/index.php\/rpi-smarthome\/","url_meta":{"origin":158,"position":5},"title":"RPI SmartHome","author":"bmetallica","date":"2. November 2015","format":false,"excerpt":"Raspberry zur Haussteuerung (Smarthome) \u00a0 Interface: Als Display dient ein ,,3.2\" TFT LCD Touch Screen Display Monitor + Case + Heatsinks For Raspberry Pi B+\" (z.B. Ebay: LINK\u00a0ca. 19\u20ac) an einem ,,Raspberry PI V1 Model B\". Um die 3 Buttons am oberen Bildschirmrand ab zu fragen, verwende ich ein Python-Script,\u2026","rel":"","context":"\u00c4hnlicher Beitrag","block_context":{"text":"\u00c4hnlicher Beitrag","link":""},"img":{"alt_text":"IMG_20150117_175959","src":"https:\/\/i0.wp.com\/bmetallica.de\/wp-content\/uploads\/2015\/11\/IMG_20150117_1759591-645x1024.jpg?resize=350%2C200","width":350,"height":200},"classes":[]}],"_links":{"self":[{"href":"https:\/\/www.bmetallica.de\/index.php\/wp-json\/wp\/v2\/pages\/158"}],"collection":[{"href":"https:\/\/www.bmetallica.de\/index.php\/wp-json\/wp\/v2\/pages"}],"about":[{"href":"https:\/\/www.bmetallica.de\/index.php\/wp-json\/wp\/v2\/types\/page"}],"author":[{"embeddable":true,"href":"https:\/\/www.bmetallica.de\/index.php\/wp-json\/wp\/v2\/users\/1"}],"replies":[{"embeddable":true,"href":"https:\/\/www.bmetallica.de\/index.php\/wp-json\/wp\/v2\/comments?post=158"}],"version-history":[{"count":1,"href":"https:\/\/www.bmetallica.de\/index.php\/wp-json\/wp\/v2\/pages\/158\/revisions"}],"predecessor-version":[{"id":159,"href":"https:\/\/www.bmetallica.de\/index.php\/wp-json\/wp\/v2\/pages\/158\/revisions\/159"}],"wp:attachment":[{"href":"https:\/\/www.bmetallica.de\/index.php\/wp-json\/wp\/v2\/media?parent=158"}],"curies":[{"name":"wp","href":"https:\/\/api.w.org\/{rel}","templated":true}]}}