{"id":33,"date":"2015-10-31T20:49:43","date_gmt":"2015-10-31T19:49:43","guid":{"rendered":"http:\/\/92.205.129.62\/bmetallica\/?page_id=33"},"modified":"2015-11-15T23:40:02","modified_gmt":"2015-11-15T22:40:02","slug":"linux-howtos","status":"publish","type":"page","link":"https:\/\/www.bmetallica.de\/index.php\/linux-howtos\/","title":{"rendered":"Linux HowTo\u00b4s"},"content":{"rendered":"","protected":false},"excerpt":{"rendered":"","protected":false},"author":1,"featured_media":0,"parent":0,"menu_order":0,"comment_status":"closed","ping_status":"closed","template":"","meta":{"jetpack_post_was_ever_published":false,"footnotes":""},"yoast_head":"<!-- This site is optimized with the Yoast SEO plugin v20.9 - https:\/\/yoast.com\/wordpress\/plugins\/seo\/ -->\n<title>Linux HowTo\u00b4s - bmetallica.de<\/title>\n<meta name=\"robots\" content=\"index, follow, max-snippet:-1, max-image-preview:large, max-video-preview:-1\" \/>\n<link rel=\"canonical\" href=\"https:\/\/www.bmetallica.de\/index.php\/linux-howtos\/\" \/>\n<meta property=\"og:locale\" content=\"de_DE\" \/>\n<meta property=\"og:type\" content=\"article\" \/>\n<meta property=\"og:title\" content=\"Linux HowTo\u00b4s - bmetallica.de\" \/>\n<meta property=\"og:url\" content=\"https:\/\/www.bmetallica.de\/index.php\/linux-howtos\/\" \/>\n<meta property=\"og:site_name\" content=\"bmetallica.de\" \/>\n<meta property=\"article:modified_time\" content=\"2015-11-15T22:40:02+00:00\" \/>\n<meta name=\"twitter:card\" content=\"summary_large_image\" \/>\n<script type=\"application\/ld+json\" class=\"yoast-schema-graph\">{\"@context\":\"https:\/\/schema.org\",\"@graph\":[{\"@type\":\"WebPage\",\"@id\":\"https:\/\/www.bmetallica.de\/index.php\/linux-howtos\/\",\"url\":\"https:\/\/www.bmetallica.de\/index.php\/linux-howtos\/\",\"name\":\"Linux HowTo\u00b4s - bmetallica.de\",\"isPartOf\":{\"@id\":\"https:\/\/www.bmetallica.de\/#website\"},\"datePublished\":\"2015-10-31T19:49:43+00:00\",\"dateModified\":\"2015-11-15T22:40:02+00:00\",\"breadcrumb\":{\"@id\":\"https:\/\/www.bmetallica.de\/index.php\/linux-howtos\/#breadcrumb\"},\"inLanguage\":\"de-DE\",\"potentialAction\":[{\"@type\":\"ReadAction\",\"target\":[\"https:\/\/www.bmetallica.de\/index.php\/linux-howtos\/\"]}]},{\"@type\":\"BreadcrumbList\",\"@id\":\"https:\/\/www.bmetallica.de\/index.php\/linux-howtos\/#breadcrumb\",\"itemListElement\":[{\"@type\":\"ListItem\",\"position\":1,\"name\":\"Home\",\"item\":\"https:\/\/www.bmetallica.de\/\"},{\"@type\":\"ListItem\",\"position\":2,\"name\":\"Linux HowTo\u00b4s\"}]},{\"@type\":\"WebSite\",\"@id\":\"https:\/\/www.bmetallica.de\/#website\",\"url\":\"https:\/\/www.bmetallica.de\/\",\"name\":\"bmetallica.de\",\"description\":\"das Wissen der Welt geh\u00f6rt den Menschen\",\"publisher\":{\"@id\":\"https:\/\/www.bmetallica.de\/#\/schema\/person\/95f9265fa19015a54cb0537aad39bf97\"},\"potentialAction\":[{\"@type\":\"SearchAction\",\"target\":{\"@type\":\"EntryPoint\",\"urlTemplate\":\"https:\/\/www.bmetallica.de\/?s={search_term_string}\"},\"query-input\":\"required name=search_term_string\"}],\"inLanguage\":\"de-DE\"},{\"@type\":[\"Person\",\"Organization\"],\"@id\":\"https:\/\/www.bmetallica.de\/#\/schema\/person\/95f9265fa19015a54cb0537aad39bf97\",\"name\":\"bmetallica\",\"image\":{\"@type\":\"ImageObject\",\"inLanguage\":\"de-DE\",\"@id\":\"https:\/\/www.bmetallica.de\/#\/schema\/person\/image\/\",\"url\":\"https:\/\/secure.gravatar.com\/avatar\/f65d4d63669df7a43505e3fc4e0e353b?s=96&d=mm&r=g\",\"contentUrl\":\"https:\/\/secure.gravatar.com\/avatar\/f65d4d63669df7a43505e3fc4e0e353b?s=96&d=mm&r=g\",\"caption\":\"bmetallica\"},\"logo\":{\"@id\":\"https:\/\/www.bmetallica.de\/#\/schema\/person\/image\/\"}}]}<\/script>\n<!-- \/ Yoast SEO plugin. -->","yoast_head_json":{"title":"Linux HowTo\u00b4s - bmetallica.de","robots":{"index":"index","follow":"follow","max-snippet":"max-snippet:-1","max-image-preview":"max-image-preview:large","max-video-preview":"max-video-preview:-1"},"canonical":"https:\/\/www.bmetallica.de\/index.php\/linux-howtos\/","og_locale":"de_DE","og_type":"article","og_title":"Linux HowTo\u00b4s - bmetallica.de","og_url":"https:\/\/www.bmetallica.de\/index.php\/linux-howtos\/","og_site_name":"bmetallica.de","article_modified_time":"2015-11-15T22:40:02+00:00","twitter_card":"summary_large_image","schema":{"@context":"https:\/\/schema.org","@graph":[{"@type":"WebPage","@id":"https:\/\/www.bmetallica.de\/index.php\/linux-howtos\/","url":"https:\/\/www.bmetallica.de\/index.php\/linux-howtos\/","name":"Linux HowTo\u00b4s - bmetallica.de","isPartOf":{"@id":"https:\/\/www.bmetallica.de\/#website"},"datePublished":"2015-10-31T19:49:43+00:00","dateModified":"2015-11-15T22:40:02+00:00","breadcrumb":{"@id":"https:\/\/www.bmetallica.de\/index.php\/linux-howtos\/#breadcrumb"},"inLanguage":"de-DE","potentialAction":[{"@type":"ReadAction","target":["https:\/\/www.bmetallica.de\/index.php\/linux-howtos\/"]}]},{"@type":"BreadcrumbList","@id":"https:\/\/www.bmetallica.de\/index.php\/linux-howtos\/#breadcrumb","itemListElement":[{"@type":"ListItem","position":1,"name":"Home","item":"https:\/\/www.bmetallica.de\/"},{"@type":"ListItem","position":2,"name":"Linux HowTo\u00b4s"}]},{"@type":"WebSite","@id":"https:\/\/www.bmetallica.de\/#website","url":"https:\/\/www.bmetallica.de\/","name":"bmetallica.de","description":"das Wissen der Welt geh\u00f6rt den Menschen","publisher":{"@id":"https:\/\/www.bmetallica.de\/#\/schema\/person\/95f9265fa19015a54cb0537aad39bf97"},"potentialAction":[{"@type":"SearchAction","target":{"@type":"EntryPoint","urlTemplate":"https:\/\/www.bmetallica.de\/?s={search_term_string}"},"query-input":"required name=search_term_string"}],"inLanguage":"de-DE"},{"@type":["Person","Organization"],"@id":"https:\/\/www.bmetallica.de\/#\/schema\/person\/95f9265fa19015a54cb0537aad39bf97","name":"bmetallica","image":{"@type":"ImageObject","inLanguage":"de-DE","@id":"https:\/\/www.bmetallica.de\/#\/schema\/person\/image\/","url":"https:\/\/secure.gravatar.com\/avatar\/f65d4d63669df7a43505e3fc4e0e353b?s=96&d=mm&r=g","contentUrl":"https:\/\/secure.gravatar.com\/avatar\/f65d4d63669df7a43505e3fc4e0e353b?s=96&d=mm&r=g","caption":"bmetallica"},"logo":{"@id":"https:\/\/www.bmetallica.de\/#\/schema\/person\/image\/"}}]}},"jetpack_sharing_enabled":true,"jetpack_shortlink":"https:\/\/wp.me\/P8uhVF-x","jetpack-related-posts":[{"id":19,"url":"https:\/\/www.bmetallica.de\/index.php\/linux\/","url_meta":{"origin":33,"position":0},"title":"Linux","author":"bmetallica","date":"31. Oktober 2015","format":false,"excerpt":"Linux","rel":"","context":"\u00c4hnlicher Beitrag","block_context":{"text":"\u00c4hnlicher Beitrag","link":""},"img":{"alt_text":"","src":"","width":0,"height":0},"classes":[]},{"id":37,"url":"https:\/\/www.bmetallica.de\/index.php\/linux-befehle\/","url_meta":{"origin":33,"position":1},"title":"Linux Befehle","author":"bmetallica","date":"31. Oktober 2015","format":false,"excerpt":"Hier eine Kurze Befehlssammlung: Befehl Bedeutung passwd \u00c4nderung der unix passwortes reboot Neustart ls erstellt eine Liste der sich mi Verzeichnis befindenden Daten rm L\u00f6scht angegebene Dateien mkdir Legt neues Verzeichnis an tar cvfz \"Endnahme\".tgz zu packende Datei\" Packen einer oder mehrerer Dateien cd Sprung ind home Verzeichnis mount mounten\u2026","rel":"","context":"\u00c4hnlicher Beitrag","block_context":{"text":"\u00c4hnlicher Beitrag","link":""},"img":{"alt_text":"","src":"","width":0,"height":0},"classes":[]},{"id":333,"url":"https:\/\/www.bmetallica.de\/index.php\/w-lan-rolladensteuerung\/","url_meta":{"origin":33,"position":2},"title":"W-LAN Rolladensteuerung","author":"bmetallica","date":"28. Mai 2018","format":false,"excerpt":"W-LAN Rolladensteuerung Ziel ist es die Rolll\u00e4den\u00a0im Haus mittels W-LAN auf und zu fahren zu lassen, ohne dabei die M\u00f6glichkeit einer manuellen Steuerung zu verlieren. \u00a0 Was wird gebraucht: Bild Name Zweck Kosten (ca.) Bsp. Link Sonoff Dual Home (R2) Steuerung via W-LAN ca. 11\u20ac z.B. Amazon (LINK) \u00a0 \u00a0\u2026","rel":"","context":"\u00c4hnlicher Beitrag","block_context":{"text":"\u00c4hnlicher Beitrag","link":""},"img":{"alt_text":"","src":"https:\/\/i0.wp.com\/www.bmetallica.de\/wp-content\/uploads\/2018\/05\/Sonoff-Dual-Arduino-Settings-231x300.png?resize=350%2C200","width":350,"height":200},"classes":[]},{"id":135,"url":"https:\/\/www.bmetallica.de\/index.php\/canvas-gauge-zur-temperaturanzeige\/","url_meta":{"origin":33,"position":3},"title":"canvas gauge zur Temperaturanzeige","author":"bmetallica","date":"15. November 2015","format":false,"excerpt":"Canvas Gauge zur Temperaturanzeige Beispiel: \u00a0 \u00a0 \u00a0 \u00a0 F\u00fcr dieses Gauge habe ich ein Beispielscript vorbereitet: index.php (dieses jquerry-script wird ben\u00f6tigt) : <!DOCTYPE html> <html> <head> <title><\/title> <script> var data_val = 0; var data_val2 = 0; <!-- Gauge Code Starts --> var Gauge=function(b){function l(a,b){for(var c in b)\"object\"==typeof b[c]&&\"[object Array]\"!==Object.prototype.toString.call(b[c])&&\"renderTo\"!=c?(\"object\"!=typeof\u2026","rel":"","context":"\u00c4hnlicher Beitrag","block_context":{"text":"\u00c4hnlicher Beitrag","link":""},"img":{"alt_text":"","src":"","width":0,"height":0},"classes":[]},{"id":330,"url":"https:\/\/www.bmetallica.de\/index.php\/dauer-speedtest-mit-dem-pi\/","url_meta":{"origin":33,"position":4},"title":"Dauer Speedtest mit dem PI","author":"bmetallica","date":"23. Mai 2018","format":false,"excerpt":"Dauer Speedtest mit dem PI Ziel ist es eine St\u00fcndliche \u00dcbersicht \u00fcber die eigene aktuelle Bandbreite zu bekommen. \u00a0 Dazu wird ben\u00f6tigt: Ein Raspberry PI (Ich empfehle mindestens die Version 2 da eine gewisse Leistung ben\u00f6tigt wird und das Ergebnis ansonsten verf\u00e4lscht werden k\u00f6nnte) 1 SD-Karte min. 8GB Netzteil sowie\u2026","rel":"","context":"\u00c4hnlicher Beitrag","block_context":{"text":"\u00c4hnlicher Beitrag","link":""},"img":{"alt_text":"","src":"","width":0,"height":0},"classes":[]},{"id":86,"url":"https:\/\/www.bmetallica.de\/index.php\/rpi-smarthome\/","url_meta":{"origin":33,"position":5},"title":"RPI SmartHome","author":"bmetallica","date":"2. November 2015","format":false,"excerpt":"Raspberry zur Haussteuerung (Smarthome) \u00a0 Interface: Als Display dient ein ,,3.2\" TFT LCD Touch Screen Display Monitor + Case + Heatsinks For Raspberry Pi B+\" (z.B. Ebay: LINK\u00a0ca. 19\u20ac) an einem ,,Raspberry PI V1 Model B\". Um die 3 Buttons am oberen Bildschirmrand ab zu fragen, verwende ich ein Python-Script,\u2026","rel":"","context":"\u00c4hnlicher Beitrag","block_context":{"text":"\u00c4hnlicher Beitrag","link":""},"img":{"alt_text":"IMG_20150117_175959","src":"https:\/\/i0.wp.com\/bmetallica.de\/wp-content\/uploads\/2015\/11\/IMG_20150117_1759591-645x1024.jpg?resize=350%2C200","width":350,"height":200},"classes":[]}],"_links":{"self":[{"href":"https:\/\/www.bmetallica.de\/index.php\/wp-json\/wp\/v2\/pages\/33"}],"collection":[{"href":"https:\/\/www.bmetallica.de\/index.php\/wp-json\/wp\/v2\/pages"}],"about":[{"href":"https:\/\/www.bmetallica.de\/index.php\/wp-json\/wp\/v2\/types\/page"}],"author":[{"embeddable":true,"href":"https:\/\/www.bmetallica.de\/index.php\/wp-json\/wp\/v2\/users\/1"}],"replies":[{"embeddable":true,"href":"https:\/\/www.bmetallica.de\/index.php\/wp-json\/wp\/v2\/comments?post=33"}],"version-history":[{"count":3,"href":"https:\/\/www.bmetallica.de\/index.php\/wp-json\/wp\/v2\/pages\/33\/revisions"}],"predecessor-version":[{"id":157,"href":"https:\/\/www.bmetallica.de\/index.php\/wp-json\/wp\/v2\/pages\/33\/revisions\/157"}],"wp:attachment":[{"href":"https:\/\/www.bmetallica.de\/index.php\/wp-json\/wp\/v2\/media?parent=33"}],"curies":[{"name":"wp","href":"https:\/\/api.w.org\/{rel}","templated":true}]}}