{"id":59,"date":"2015-11-01T13:38:46","date_gmt":"2015-11-01T12:38:46","guid":{"rendered":"http:\/\/92.205.129.62\/bmetallica\/?page_id=59"},"modified":"2015-11-01T13:38:46","modified_gmt":"2015-11-01T12:38:46","slug":"raspberry-gpio","status":"publish","type":"page","link":"https:\/\/www.bmetallica.de\/index.php\/raspberry-gpio\/","title":{"rendered":"Raspberry GPIO"},"content":{"rendered":"<h1 style=\"text-align: center;\"><span style=\"text-decoration: underline;\">GPIO Belegung<\/span><\/h1>\n<h5>Model A+ (Rev.1)<\/h5>\n<p><a href=\"https:\/\/i0.wp.com\/92.205.129.62\/bmetallica\/wp-content\/uploads\/2015\/11\/A-Plus.png\" target=\"_blank\"><img loading=\"lazy\" decoding=\"async\" data-attachment-id=\"60\" data-permalink=\"https:\/\/www.bmetallica.de\/index.php\/raspberry-gpio\/a-plus\/\" data-orig-file=\"https:\/\/i0.wp.com\/www.bmetallica.de\/wp-content\/uploads\/2015\/11\/A-Plus.png?fit=2700%2C900&amp;ssl=1\" data-orig-size=\"2700,900\" data-comments-opened=\"1\" data-image-meta=\"{&quot;aperture&quot;:&quot;0&quot;,&quot;credit&quot;:&quot;&quot;,&quot;camera&quot;:&quot;&quot;,&quot;caption&quot;:&quot;&quot;,&quot;created_timestamp&quot;:&quot;0&quot;,&quot;copyright&quot;:&quot;&quot;,&quot;focal_length&quot;:&quot;0&quot;,&quot;iso&quot;:&quot;0&quot;,&quot;shutter_speed&quot;:&quot;0&quot;,&quot;title&quot;:&quot;&quot;,&quot;orientation&quot;:&quot;0&quot;}\" data-image-title=\"A Plus\" data-image-description=\"\" data-image-caption=\"\" data-medium-file=\"https:\/\/i0.wp.com\/www.bmetallica.de\/wp-content\/uploads\/2015\/11\/A-Plus.png?fit=300%2C100&amp;ssl=1\" data-large-file=\"https:\/\/i0.wp.com\/www.bmetallica.de\/wp-content\/uploads\/2015\/11\/A-Plus.png?fit=676%2C225&amp;ssl=1\" class=\"alignleft wp-image-60 size-medium\" src=\"https:\/\/i0.wp.com\/92.205.129.62\/bmetallica\/wp-content\/uploads\/2015\/11\/A-Plus-300x100.png?resize=300%2C100\" alt=\"A Plus\" width=\"300\" height=\"100\" srcset=\"https:\/\/i0.wp.com\/www.bmetallica.de\/wp-content\/uploads\/2015\/11\/A-Plus.png?resize=300%2C100&amp;ssl=1 300w, https:\/\/i0.wp.com\/www.bmetallica.de\/wp-content\/uploads\/2015\/11\/A-Plus.png?resize=1024%2C341&amp;ssl=1 1024w, https:\/\/i0.wp.com\/www.bmetallica.de\/wp-content\/uploads\/2015\/11\/A-Plus.png?resize=945%2C315&amp;ssl=1 945w, https:\/\/i0.wp.com\/www.bmetallica.de\/wp-content\/uploads\/2015\/11\/A-Plus.png?resize=600%2C200&amp;ssl=1 600w, https:\/\/i0.wp.com\/www.bmetallica.de\/wp-content\/uploads\/2015\/11\/A-Plus.png?w=1352 1352w, https:\/\/i0.wp.com\/www.bmetallica.de\/wp-content\/uploads\/2015\/11\/A-Plus.png?w=2028 2028w\" sizes=\"(max-width: 300px) 100vw, 300px\" data-recalc-dims=\"1\" \/><\/a><\/p>\n<p>&nbsp;<\/p>\n<p>&nbsp;<\/p>\n<hr \/>\n<p>&nbsp;<\/p>\n<h5 style=\"text-align: right;\">Model A und B (Rev.2)<\/h5>\n<p><a href=\"https:\/\/i0.wp.com\/92.205.129.62\/bmetallica\/wp-content\/uploads\/2015\/11\/AuB-Revision-2.png\" target=\"_blank\"><img loading=\"lazy\" decoding=\"async\" data-attachment-id=\"61\" data-permalink=\"https:\/\/www.bmetallica.de\/index.php\/raspberry-gpio\/aub-revision-2\/\" data-orig-file=\"https:\/\/i0.wp.com\/www.bmetallica.de\/wp-content\/uploads\/2015\/11\/AuB-Revision-2.png?fit=1000%2C472&amp;ssl=1\" data-orig-size=\"1000,472\" data-comments-opened=\"1\" data-image-meta=\"{&quot;aperture&quot;:&quot;0&quot;,&quot;credit&quot;:&quot;&quot;,&quot;camera&quot;:&quot;&quot;,&quot;caption&quot;:&quot;&quot;,&quot;created_timestamp&quot;:&quot;0&quot;,&quot;copyright&quot;:&quot;&quot;,&quot;focal_length&quot;:&quot;0&quot;,&quot;iso&quot;:&quot;0&quot;,&quot;shutter_speed&quot;:&quot;0&quot;,&quot;title&quot;:&quot;&quot;,&quot;orientation&quot;:&quot;0&quot;}\" data-image-title=\"AuB Revision-2\" data-image-description=\"\" data-image-caption=\"\" data-medium-file=\"https:\/\/i0.wp.com\/www.bmetallica.de\/wp-content\/uploads\/2015\/11\/AuB-Revision-2.png?fit=300%2C142&amp;ssl=1\" data-large-file=\"https:\/\/i0.wp.com\/www.bmetallica.de\/wp-content\/uploads\/2015\/11\/AuB-Revision-2.png?fit=676%2C319&amp;ssl=1\" class=\"alignright wp-image-61 size-medium\" src=\"https:\/\/i0.wp.com\/92.205.129.62\/bmetallica\/wp-content\/uploads\/2015\/11\/AuB-Revision-2-300x142.png?resize=300%2C142\" alt=\"AuB Revision-2\" width=\"300\" height=\"142\" srcset=\"https:\/\/i0.wp.com\/www.bmetallica.de\/wp-content\/uploads\/2015\/11\/AuB-Revision-2.png?resize=300%2C142&amp;ssl=1 300w, https:\/\/i0.wp.com\/www.bmetallica.de\/wp-content\/uploads\/2015\/11\/AuB-Revision-2.png?resize=945%2C446&amp;ssl=1 945w, https:\/\/i0.wp.com\/www.bmetallica.de\/wp-content\/uploads\/2015\/11\/AuB-Revision-2.png?resize=600%2C283&amp;ssl=1 600w, https:\/\/i0.wp.com\/www.bmetallica.de\/wp-content\/uploads\/2015\/11\/AuB-Revision-2.png?w=1000&amp;ssl=1 1000w\" sizes=\"(max-width: 300px) 100vw, 300px\" data-recalc-dims=\"1\" \/><\/a><\/p>\n<p>&nbsp;<\/p>\n<p>&nbsp;<\/p>\n<p>&nbsp;<\/p>\n<hr \/>\n<p>&nbsp;<\/p>\n<h5>Model B (Rev.1)<\/h5>\n<p><a href=\"https:\/\/i0.wp.com\/92.205.129.62\/bmetallica\/wp-content\/uploads\/2015\/11\/Bodel-B-Rev-1-0.png\" target=\"_blank\"><img loading=\"lazy\" decoding=\"async\" data-attachment-id=\"62\" data-permalink=\"https:\/\/www.bmetallica.de\/index.php\/raspberry-gpio\/bodel-b-rev-1-0\/\" data-orig-file=\"https:\/\/i0.wp.com\/www.bmetallica.de\/wp-content\/uploads\/2015\/11\/Bodel-B-Rev-1-0.png?fit=1000%2C472&amp;ssl=1\" data-orig-size=\"1000,472\" data-comments-opened=\"1\" data-image-meta=\"{&quot;aperture&quot;:&quot;0&quot;,&quot;credit&quot;:&quot;&quot;,&quot;camera&quot;:&quot;&quot;,&quot;caption&quot;:&quot;&quot;,&quot;created_timestamp&quot;:&quot;0&quot;,&quot;copyright&quot;:&quot;&quot;,&quot;focal_length&quot;:&quot;0&quot;,&quot;iso&quot;:&quot;0&quot;,&quot;shutter_speed&quot;:&quot;0&quot;,&quot;title&quot;:&quot;&quot;,&quot;orientation&quot;:&quot;0&quot;}\" data-image-title=\"Bodel B Rev 1-0\" data-image-description=\"\" data-image-caption=\"\" data-medium-file=\"https:\/\/i0.wp.com\/www.bmetallica.de\/wp-content\/uploads\/2015\/11\/Bodel-B-Rev-1-0.png?fit=300%2C142&amp;ssl=1\" data-large-file=\"https:\/\/i0.wp.com\/www.bmetallica.de\/wp-content\/uploads\/2015\/11\/Bodel-B-Rev-1-0.png?fit=676%2C319&amp;ssl=1\" class=\"alignleft wp-image-62 size-medium\" src=\"https:\/\/i0.wp.com\/92.205.129.62\/bmetallica\/wp-content\/uploads\/2015\/11\/Bodel-B-Rev-1-0-300x142.png?resize=300%2C142\" alt=\"Bodel B Rev 1-0\" width=\"300\" height=\"142\" srcset=\"https:\/\/i0.wp.com\/www.bmetallica.de\/wp-content\/uploads\/2015\/11\/Bodel-B-Rev-1-0.png?resize=300%2C142&amp;ssl=1 300w, https:\/\/i0.wp.com\/www.bmetallica.de\/wp-content\/uploads\/2015\/11\/Bodel-B-Rev-1-0.png?resize=945%2C446&amp;ssl=1 945w, https:\/\/i0.wp.com\/www.bmetallica.de\/wp-content\/uploads\/2015\/11\/Bodel-B-Rev-1-0.png?resize=600%2C283&amp;ssl=1 600w, https:\/\/i0.wp.com\/www.bmetallica.de\/wp-content\/uploads\/2015\/11\/Bodel-B-Rev-1-0.png?w=1000&amp;ssl=1 1000w\" sizes=\"(max-width: 300px) 100vw, 300px\" data-recalc-dims=\"1\" \/><\/a><\/p>\n<p>&nbsp;<\/p>\n<p>&nbsp;<\/p>\n<p>&nbsp;<\/p>\n<hr \/>\n<p>&nbsp;<\/p>\n<h5 style=\"text-align: right;\">Model B+<\/h5>\n<p><a href=\"https:\/\/i0.wp.com\/92.205.129.62\/bmetallica\/wp-content\/uploads\/2015\/11\/Model-B-Plus.png\" target=\"_blank\"><img loading=\"lazy\" decoding=\"async\" data-attachment-id=\"63\" data-permalink=\"https:\/\/www.bmetallica.de\/index.php\/raspberry-gpio\/model-b-plus\/\" data-orig-file=\"https:\/\/i0.wp.com\/www.bmetallica.de\/wp-content\/uploads\/2015\/11\/Model-B-Plus.png?fit=2700%2C900&amp;ssl=1\" data-orig-size=\"2700,900\" data-comments-opened=\"1\" data-image-meta=\"{&quot;aperture&quot;:&quot;0&quot;,&quot;credit&quot;:&quot;&quot;,&quot;camera&quot;:&quot;&quot;,&quot;caption&quot;:&quot;&quot;,&quot;created_timestamp&quot;:&quot;0&quot;,&quot;copyright&quot;:&quot;&quot;,&quot;focal_length&quot;:&quot;0&quot;,&quot;iso&quot;:&quot;0&quot;,&quot;shutter_speed&quot;:&quot;0&quot;,&quot;title&quot;:&quot;&quot;,&quot;orientation&quot;:&quot;0&quot;}\" data-image-title=\"Model-B-Plus\" data-image-description=\"\" data-image-caption=\"\" data-medium-file=\"https:\/\/i0.wp.com\/www.bmetallica.de\/wp-content\/uploads\/2015\/11\/Model-B-Plus.png?fit=300%2C100&amp;ssl=1\" data-large-file=\"https:\/\/i0.wp.com\/www.bmetallica.de\/wp-content\/uploads\/2015\/11\/Model-B-Plus.png?fit=676%2C225&amp;ssl=1\" class=\"alignright wp-image-63 size-medium\" src=\"https:\/\/i0.wp.com\/92.205.129.62\/bmetallica\/wp-content\/uploads\/2015\/11\/Model-B-Plus-300x100.png?resize=300%2C100\" alt=\"Model-B-Plus\" width=\"300\" height=\"100\" srcset=\"https:\/\/i0.wp.com\/www.bmetallica.de\/wp-content\/uploads\/2015\/11\/Model-B-Plus.png?resize=300%2C100&amp;ssl=1 300w, https:\/\/i0.wp.com\/www.bmetallica.de\/wp-content\/uploads\/2015\/11\/Model-B-Plus.png?resize=1024%2C341&amp;ssl=1 1024w, https:\/\/i0.wp.com\/www.bmetallica.de\/wp-content\/uploads\/2015\/11\/Model-B-Plus.png?resize=945%2C315&amp;ssl=1 945w, https:\/\/i0.wp.com\/www.bmetallica.de\/wp-content\/uploads\/2015\/11\/Model-B-Plus.png?resize=600%2C200&amp;ssl=1 600w, https:\/\/i0.wp.com\/www.bmetallica.de\/wp-content\/uploads\/2015\/11\/Model-B-Plus.png?w=1352 1352w, https:\/\/i0.wp.com\/www.bmetallica.de\/wp-content\/uploads\/2015\/11\/Model-B-Plus.png?w=2028 2028w\" sizes=\"(max-width: 300px) 100vw, 300px\" data-recalc-dims=\"1\" \/><\/a><\/p>\n<p>&nbsp;<\/p>\n<p>&nbsp;<\/p>\n<hr \/>\n<p>&nbsp;<\/p>\n<h5>Raspberry PI v.2 Model B<\/h5>\n<p><a href=\"https:\/\/i0.wp.com\/92.205.129.62\/bmetallica\/wp-content\/uploads\/2015\/11\/PI2-Model-B-Plus.png\" target=\"_blank\"><img loading=\"lazy\" decoding=\"async\" data-attachment-id=\"64\" data-permalink=\"https:\/\/www.bmetallica.de\/index.php\/raspberry-gpio\/pi2-model-b-plus\/\" data-orig-file=\"https:\/\/i0.wp.com\/www.bmetallica.de\/wp-content\/uploads\/2015\/11\/PI2-Model-B-Plus.png?fit=2700%2C900&amp;ssl=1\" data-orig-size=\"2700,900\" data-comments-opened=\"1\" data-image-meta=\"{&quot;aperture&quot;:&quot;0&quot;,&quot;credit&quot;:&quot;&quot;,&quot;camera&quot;:&quot;&quot;,&quot;caption&quot;:&quot;&quot;,&quot;created_timestamp&quot;:&quot;0&quot;,&quot;copyright&quot;:&quot;&quot;,&quot;focal_length&quot;:&quot;0&quot;,&quot;iso&quot;:&quot;0&quot;,&quot;shutter_speed&quot;:&quot;0&quot;,&quot;title&quot;:&quot;&quot;,&quot;orientation&quot;:&quot;0&quot;}\" data-image-title=\"PI2-Model-B-Plus\" data-image-description=\"\" data-image-caption=\"\" data-medium-file=\"https:\/\/i0.wp.com\/www.bmetallica.de\/wp-content\/uploads\/2015\/11\/PI2-Model-B-Plus.png?fit=300%2C100&amp;ssl=1\" data-large-file=\"https:\/\/i0.wp.com\/www.bmetallica.de\/wp-content\/uploads\/2015\/11\/PI2-Model-B-Plus.png?fit=676%2C225&amp;ssl=1\" class=\"alignleft wp-image-64 size-medium\" src=\"https:\/\/i0.wp.com\/92.205.129.62\/bmetallica\/wp-content\/uploads\/2015\/11\/PI2-Model-B-Plus-300x100.png?resize=300%2C100\" alt=\"PI2-Model-B-Plus\" width=\"300\" height=\"100\" srcset=\"https:\/\/i0.wp.com\/www.bmetallica.de\/wp-content\/uploads\/2015\/11\/PI2-Model-B-Plus.png?resize=300%2C100&amp;ssl=1 300w, https:\/\/i0.wp.com\/www.bmetallica.de\/wp-content\/uploads\/2015\/11\/PI2-Model-B-Plus.png?resize=1024%2C341&amp;ssl=1 1024w, https:\/\/i0.wp.com\/www.bmetallica.de\/wp-content\/uploads\/2015\/11\/PI2-Model-B-Plus.png?resize=945%2C315&amp;ssl=1 945w, https:\/\/i0.wp.com\/www.bmetallica.de\/wp-content\/uploads\/2015\/11\/PI2-Model-B-Plus.png?resize=600%2C200&amp;ssl=1 600w, https:\/\/i0.wp.com\/www.bmetallica.de\/wp-content\/uploads\/2015\/11\/PI2-Model-B-Plus.png?w=1352 1352w, https:\/\/i0.wp.com\/www.bmetallica.de\/wp-content\/uploads\/2015\/11\/PI2-Model-B-Plus.png?w=2028 2028w\" sizes=\"(max-width: 300px) 100vw, 300px\" data-recalc-dims=\"1\" \/><\/a><\/p>\n","protected":false},"excerpt":{"rendered":"<p>GPIO Belegung Model A+ (Rev.1) &nbsp; &nbsp; &nbsp; Model A und B (Rev.2) &nbsp; &nbsp; &nbsp; &nbsp; Model B (Rev.1) &nbsp; &nbsp; &nbsp; &nbsp; Model B+ &nbsp; &nbsp; &nbsp; Raspberry PI v.2 Model B<\/p>\n","protected":false},"author":1,"featured_media":0,"parent":0,"menu_order":0,"comment_status":"closed","ping_status":"closed","template":"","meta":{"jetpack_post_was_ever_published":false,"footnotes":""},"yoast_head":"<!-- This site is optimized with the Yoast SEO plugin v20.9 - https:\/\/yoast.com\/wordpress\/plugins\/seo\/ -->\n<title>Raspberry GPIO - bmetallica.de<\/title>\n<meta name=\"robots\" content=\"index, follow, max-snippet:-1, max-image-preview:large, max-video-preview:-1\" \/>\n<link rel=\"canonical\" href=\"https:\/\/www.bmetallica.de\/index.php\/raspberry-gpio\/\" \/>\n<meta property=\"og:locale\" content=\"de_DE\" \/>\n<meta property=\"og:type\" content=\"article\" \/>\n<meta property=\"og:title\" content=\"Raspberry GPIO - bmetallica.de\" \/>\n<meta property=\"og:description\" content=\"GPIO Belegung Model A+ (Rev.1) &nbsp; &nbsp; &nbsp; Model A und B (Rev.2) &nbsp; &nbsp; &nbsp; &nbsp; Model B (Rev.1) &nbsp; &nbsp; &nbsp; &nbsp; Model B+ &nbsp; &nbsp; &nbsp; Raspberry PI v.2 Model B\" \/>\n<meta property=\"og:url\" content=\"https:\/\/www.bmetallica.de\/index.php\/raspberry-gpio\/\" \/>\n<meta property=\"og:site_name\" content=\"bmetallica.de\" \/>\n<meta property=\"og:image\" content=\"http:\/\/92.205.129.62\/bmetallica\/wp-content\/uploads\/2015\/11\/A-Plus-300x100.png\" \/>\n<meta name=\"twitter:card\" content=\"summary_large_image\" \/>\n<script type=\"application\/ld+json\" class=\"yoast-schema-graph\">{\"@context\":\"https:\/\/schema.org\",\"@graph\":[{\"@type\":\"WebPage\",\"@id\":\"https:\/\/www.bmetallica.de\/index.php\/raspberry-gpio\/\",\"url\":\"https:\/\/www.bmetallica.de\/index.php\/raspberry-gpio\/\",\"name\":\"Raspberry GPIO - bmetallica.de\",\"isPartOf\":{\"@id\":\"https:\/\/www.bmetallica.de\/#website\"},\"datePublished\":\"2015-11-01T12:38:46+00:00\",\"dateModified\":\"2015-11-01T12:38:46+00:00\",\"breadcrumb\":{\"@id\":\"https:\/\/www.bmetallica.de\/index.php\/raspberry-gpio\/#breadcrumb\"},\"inLanguage\":\"de-DE\",\"potentialAction\":[{\"@type\":\"ReadAction\",\"target\":[\"https:\/\/www.bmetallica.de\/index.php\/raspberry-gpio\/\"]}]},{\"@type\":\"BreadcrumbList\",\"@id\":\"https:\/\/www.bmetallica.de\/index.php\/raspberry-gpio\/#breadcrumb\",\"itemListElement\":[{\"@type\":\"ListItem\",\"position\":1,\"name\":\"Home\",\"item\":\"https:\/\/www.bmetallica.de\/\"},{\"@type\":\"ListItem\",\"position\":2,\"name\":\"Raspberry GPIO\"}]},{\"@type\":\"WebSite\",\"@id\":\"https:\/\/www.bmetallica.de\/#website\",\"url\":\"https:\/\/www.bmetallica.de\/\",\"name\":\"bmetallica.de\",\"description\":\"das Wissen der Welt geh\u00f6rt den Menschen\",\"publisher\":{\"@id\":\"https:\/\/www.bmetallica.de\/#\/schema\/person\/95f9265fa19015a54cb0537aad39bf97\"},\"potentialAction\":[{\"@type\":\"SearchAction\",\"target\":{\"@type\":\"EntryPoint\",\"urlTemplate\":\"https:\/\/www.bmetallica.de\/?s={search_term_string}\"},\"query-input\":\"required name=search_term_string\"}],\"inLanguage\":\"de-DE\"},{\"@type\":[\"Person\",\"Organization\"],\"@id\":\"https:\/\/www.bmetallica.de\/#\/schema\/person\/95f9265fa19015a54cb0537aad39bf97\",\"name\":\"bmetallica\",\"image\":{\"@type\":\"ImageObject\",\"inLanguage\":\"de-DE\",\"@id\":\"https:\/\/www.bmetallica.de\/#\/schema\/person\/image\/\",\"url\":\"https:\/\/secure.gravatar.com\/avatar\/f65d4d63669df7a43505e3fc4e0e353b?s=96&d=mm&r=g\",\"contentUrl\":\"https:\/\/secure.gravatar.com\/avatar\/f65d4d63669df7a43505e3fc4e0e353b?s=96&d=mm&r=g\",\"caption\":\"bmetallica\"},\"logo\":{\"@id\":\"https:\/\/www.bmetallica.de\/#\/schema\/person\/image\/\"}}]}<\/script>\n<!-- \/ Yoast SEO plugin. -->","yoast_head_json":{"title":"Raspberry GPIO - bmetallica.de","robots":{"index":"index","follow":"follow","max-snippet":"max-snippet:-1","max-image-preview":"max-image-preview:large","max-video-preview":"max-video-preview:-1"},"canonical":"https:\/\/www.bmetallica.de\/index.php\/raspberry-gpio\/","og_locale":"de_DE","og_type":"article","og_title":"Raspberry GPIO - bmetallica.de","og_description":"GPIO Belegung Model A+ (Rev.1) &nbsp; &nbsp; &nbsp; Model A und B (Rev.2) &nbsp; &nbsp; &nbsp; &nbsp; Model B (Rev.1) &nbsp; &nbsp; &nbsp; &nbsp; Model B+ &nbsp; &nbsp; &nbsp; Raspberry PI v.2 Model B","og_url":"https:\/\/www.bmetallica.de\/index.php\/raspberry-gpio\/","og_site_name":"bmetallica.de","og_image":[{"url":"http:\/\/92.205.129.62\/bmetallica\/wp-content\/uploads\/2015\/11\/A-Plus-300x100.png"}],"twitter_card":"summary_large_image","schema":{"@context":"https:\/\/schema.org","@graph":[{"@type":"WebPage","@id":"https:\/\/www.bmetallica.de\/index.php\/raspberry-gpio\/","url":"https:\/\/www.bmetallica.de\/index.php\/raspberry-gpio\/","name":"Raspberry GPIO - bmetallica.de","isPartOf":{"@id":"https:\/\/www.bmetallica.de\/#website"},"datePublished":"2015-11-01T12:38:46+00:00","dateModified":"2015-11-01T12:38:46+00:00","breadcrumb":{"@id":"https:\/\/www.bmetallica.de\/index.php\/raspberry-gpio\/#breadcrumb"},"inLanguage":"de-DE","potentialAction":[{"@type":"ReadAction","target":["https:\/\/www.bmetallica.de\/index.php\/raspberry-gpio\/"]}]},{"@type":"BreadcrumbList","@id":"https:\/\/www.bmetallica.de\/index.php\/raspberry-gpio\/#breadcrumb","itemListElement":[{"@type":"ListItem","position":1,"name":"Home","item":"https:\/\/www.bmetallica.de\/"},{"@type":"ListItem","position":2,"name":"Raspberry GPIO"}]},{"@type":"WebSite","@id":"https:\/\/www.bmetallica.de\/#website","url":"https:\/\/www.bmetallica.de\/","name":"bmetallica.de","description":"das Wissen der Welt geh\u00f6rt den Menschen","publisher":{"@id":"https:\/\/www.bmetallica.de\/#\/schema\/person\/95f9265fa19015a54cb0537aad39bf97"},"potentialAction":[{"@type":"SearchAction","target":{"@type":"EntryPoint","urlTemplate":"https:\/\/www.bmetallica.de\/?s={search_term_string}"},"query-input":"required name=search_term_string"}],"inLanguage":"de-DE"},{"@type":["Person","Organization"],"@id":"https:\/\/www.bmetallica.de\/#\/schema\/person\/95f9265fa19015a54cb0537aad39bf97","name":"bmetallica","image":{"@type":"ImageObject","inLanguage":"de-DE","@id":"https:\/\/www.bmetallica.de\/#\/schema\/person\/image\/","url":"https:\/\/secure.gravatar.com\/avatar\/f65d4d63669df7a43505e3fc4e0e353b?s=96&d=mm&r=g","contentUrl":"https:\/\/secure.gravatar.com\/avatar\/f65d4d63669df7a43505e3fc4e0e353b?s=96&d=mm&r=g","caption":"bmetallica"},"logo":{"@id":"https:\/\/www.bmetallica.de\/#\/schema\/person\/image\/"}}]}},"jetpack_sharing_enabled":true,"jetpack_shortlink":"https:\/\/wp.me\/P8uhVF-X","jetpack-related-posts":[{"id":86,"url":"https:\/\/www.bmetallica.de\/index.php\/rpi-smarthome\/","url_meta":{"origin":59,"position":0},"title":"RPI SmartHome","author":"bmetallica","date":"2. November 2015","format":false,"excerpt":"Raspberry zur Haussteuerung (Smarthome) \u00a0 Interface: Als Display dient ein ,,3.2\" TFT LCD Touch Screen Display Monitor + Case + Heatsinks For Raspberry Pi B+\" (z.B. Ebay: LINK\u00a0ca. 19\u20ac) an einem ,,Raspberry PI V1 Model B\". Um die 3 Buttons am oberen Bildschirmrand ab zu fragen, verwende ich ein Python-Script,\u2026","rel":"","context":"\u00c4hnlicher Beitrag","block_context":{"text":"\u00c4hnlicher Beitrag","link":""},"img":{"alt_text":"IMG_20150117_175959","src":"https:\/\/i0.wp.com\/bmetallica.de\/wp-content\/uploads\/2015\/11\/IMG_20150117_1759591-645x1024.jpg?resize=350%2C200","width":350,"height":200},"classes":[]},{"id":197,"url":"https:\/\/www.bmetallica.de\/index.php\/1-wire-temperatursensor-auslesen\/","url_meta":{"origin":59,"position":1},"title":"1-wire Temperatursensor auslesen","author":"bmetallica","date":"17. Oktober 2016","format":false,"excerpt":"1-wire Temperatursensoren auslesen und verarbeiten Was wir\u00a0ben\u00f6tigen: \u00a0 1x Raspberry (z.B. Modell B) F\u00fcr unseren Beispielsaufbau 3x DS18B20 Temperaturssensor (Amazon: LINK) 1x 4,7k (4K7) Wiederstand \u00a0 (Amazon: LINK) \u00a0 \u00a0 Und so wird verkabelt: (klicken zum Vergr\u00f6\u00dfern) Konfiguration auf dem Raspberry (OS Jessie):\u00a0 Nachdem wir den Raspberry erst einmal grunds\u00e4tzlich\u2026","rel":"","context":"Mit 1 Kommentar","block_context":{"text":"Mit 1 Kommentar","link":"https:\/\/www.bmetallica.de\/index.php\/1-wire-temperatursensor-auslesen\/#comments"},"img":{"alt_text":"","src":"https:\/\/i0.wp.com\/92.205.129.62\/bmetallica\/wp-content\/uploads\/2016\/10\/1wire-300x225.jpg?resize=350%2C200","width":350,"height":200},"classes":[]},{"id":114,"url":"https:\/\/www.bmetallica.de\/index.php\/433mhz-temperatur-auslesen\/","url_meta":{"origin":59,"position":2},"title":"433MHz Temperatur auslesen","author":"bmetallica","date":"5. November 2015","format":false,"excerpt":"Auswerten eines 433MHz Temperatursensors mit pilight \u00a0 Was wir ben\u00f6tigen: Aukru 433 MHz Funk- Sende und Empf\u00e4nger Modul Superregeneration Wireless Transmitter-Modul Einbrecher Alarm 433M receiver module Burglar Alarm f\u00fcr Arduino Raspberry pi (Amazon: LINK) PEARL Funk-Au\u00dfensensor f\u00fcr Wetterstation (Amazon: LINK) Verkabelung des Senders\/Empf\u00e4ngers: Verkabelung Sender Modul (nicht f\u00fcr das Auslesen\u2026","rel":"","context":"Mit 6 Kommentaren","block_context":{"text":"Mit 6 Kommentaren","link":"https:\/\/www.bmetallica.de\/index.php\/433mhz-temperatur-auslesen\/#comments"},"img":{"alt_text":"","src":"https:\/\/i0.wp.com\/92.205.129.62\/bmetallica\/wp-content\/uploads\/2015\/11\/71Wz-aGbLzL._SL1500_-300x300.jpg?resize=350%2C200","width":350,"height":200},"classes":[]},{"id":271,"url":"https:\/\/www.bmetallica.de\/index.php\/alexa-433-mhz-und-domoticz\/","url_meta":{"origin":59,"position":3},"title":"Alexa, 433 MHz und Domoticz","author":"bmetallica","date":"3. November 2017","format":false,"excerpt":"Alexa, 433 MHz und Domoticz \u00a0 Ziel des Projekts: Ziel des Projekts war es eine kosteng\u00fcnstige M\u00f6glichkeit zu finden, eine sprachgesteuerte Lichtsteuerung innerhalb einer Wohnung zu realisieren. Es sollten dabei keine Cloud-Dienste (ausgenommen der Amazon Cloud zur Spracherkennung) verwendet werden um einen h\u00f6heren Sicherheitsfaktor und eine unabh\u00e4ngigere Umgebung zu schaffen.\u2026","rel":"","context":"In &quot;Allgemein&quot;","block_context":{"text":"Allgemein","link":"https:\/\/www.bmetallica.de\/index.php\/category\/allgemein\/"},"img":{"alt_text":"","src":"https:\/\/i0.wp.com\/92.205.129.62\/bmetallica\/wp-content\/uploads\/2015\/11\/71Wz-aGbLzL._SL1500_-300x300.jpg?resize=350%2C200","width":350,"height":200},"classes":[]},{"id":166,"url":"https:\/\/www.bmetallica.de\/index.php\/mediacenter-pi-v2\/","url_meta":{"origin":59,"position":4},"title":"Mediacenter PI V2","author":"bmetallica","date":"8. Dezember 2015","format":false,"excerpt":"Ein Mediacenter mit dem Raspberry PI V2 \u00a0 Was wir brauchen: OSMC Installation (f\u00fcr Windows) Raspberry PI V2 MicroUSB Netzteil (z.B.) MicroSD (z.B.) WlanStick\u00a0(z.B.) HDMI-Kabel\u00a0(z.B.) TV mit HDMI-Eingang \u00a0 Installation unter Windows:\u00a0 Die MicroSD-Karte mit dem PC verbinden (z.B. mit einem USB zu MicroSD Adapter) Die Heruntergeladene \"osmc-installer.exe\" starten Einbau:\u2026","rel":"","context":"\u00c4hnlicher Beitrag","block_context":{"text":"\u00c4hnlicher Beitrag","link":""},"img":{"alt_text":"","src":"https:\/\/i0.wp.com\/92.205.129.62\/bmetallica\/wp-content\/uploads\/2015\/12\/2-300x237.png?resize=350%2C200","width":350,"height":200},"classes":[]},{"id":359,"url":"https:\/\/www.bmetallica.de\/index.php\/hochzeitsbilder-upload\/","url_meta":{"origin":59,"position":5},"title":"Hochzeitsbilder-Upload","author":"bmetallica","date":"18. M\u00e4rz 2019","format":false,"excerpt":"Hochzeitsbilder-Upload Zweck des Projektes: Ein Freund hat mich gebeten eine M\u00f6glichkeit zu schaffen, damit seine Hochzeitsg\u00e4ste ihre Bilder mittels Smartphone mit ihm teilen k\u00f6nnen. \u00a0 Implementierte Funktionen: Bilderupload via Wlan Bilderupload via Bluetooth Live-Slideshow der Bilder \u00fcber HDMI Automount f\u00fcr USB-Speichermedien (FAT, FAT32, vFAT und NTFS) Update 29.03.2019: Admin-Webinterface (um\u2026","rel":"","context":"Mit 5 Kommentaren","block_context":{"text":"Mit 5 Kommentaren","link":"https:\/\/www.bmetallica.de\/index.php\/hochzeitsbilder-upload\/#comments"},"img":{"alt_text":"","src":"https:\/\/i0.wp.com\/www.bmetallica.de\/wp-content\/uploads\/2019\/03\/hochzeitsbilder.jpg?fit=535%2C765&ssl=1&resize=350%2C200","width":350,"height":200},"classes":[]}],"_links":{"self":[{"href":"https:\/\/www.bmetallica.de\/index.php\/wp-json\/wp\/v2\/pages\/59"}],"collection":[{"href":"https:\/\/www.bmetallica.de\/index.php\/wp-json\/wp\/v2\/pages"}],"about":[{"href":"https:\/\/www.bmetallica.de\/index.php\/wp-json\/wp\/v2\/types\/page"}],"author":[{"embeddable":true,"href":"https:\/\/www.bmetallica.de\/index.php\/wp-json\/wp\/v2\/users\/1"}],"replies":[{"embeddable":true,"href":"https:\/\/www.bmetallica.de\/index.php\/wp-json\/wp\/v2\/comments?post=59"}],"version-history":[{"count":1,"href":"https:\/\/www.bmetallica.de\/index.php\/wp-json\/wp\/v2\/pages\/59\/revisions"}],"predecessor-version":[{"id":65,"href":"https:\/\/www.bmetallica.de\/index.php\/wp-json\/wp\/v2\/pages\/59\/revisions\/65"}],"wp:attachment":[{"href":"https:\/\/www.bmetallica.de\/index.php\/wp-json\/wp\/v2\/media?parent=59"}],"curies":[{"name":"wp","href":"https:\/\/api.w.org\/{rel}","templated":true}]}}